 Suppose -2*n = -n - 2*x - 14, -4*n - 3*x + 34 = 0. Calculate the remainder when y is divided by n.
8
Let l(q) = 5*q**2 - q + 2. What is the remainder when l(1) is divided by 4?
2
Let a be (4 + 0)*(2 - -12). Suppose -3*r + 122 = -2*k, 3*r - r = -5*k + a. What is the remainder when r is divided by 13?
12
Let n = 53 - 36. What is the remainder when n is divided by 7?
3
Suppose 0 = -3*g + 2*g + 22. What is the remainder when 86 is divided by g?
20
Let p = 123 + -111. What is the remainder when p is divided by 7?
5
What is the remainder when (-14480)/(-16)*1/5 is divided by 46?
43
Let d = -3 - -24. Calculate the remainder when 60 is divided by d.
18
Let i = 8 - 2. Suppose 0*j + i = 2*j. Suppose 3*o = 2*m + 7, o = -3*m - 0*m + 17. What is the remainder when m is divided by j?
1
Suppose 22*f + 55 = 23*f. Calculate the remainder when f is divided by 7.
6
Suppose v + 225 = 2*n + 4, 5*n = 5*v + 545. What is the remainder when n is divided by 29?
25
Let s(b) = -2*b**3 - 2*b**2 + 8*b + 3. What is the remainder when s(-3) is divided by 10?
5
Let h(p) = 24*p + 3. Let i be h(-2). Calculate the remainder when 1/1*(-2 + 11) is divided by ((-3)/(-9))/((-3)/i).
4
Let d(t) = -100*t**3 - t**2 - 2*t - 1. Calculate the remainder when d(-1) is divided by 28.
16
Suppose -2*w + 26 = -4*q, -7*w + 2*w - 4*q = 5. Suppose 0 = -u + 19 - w. Calculate the remainder when u is divided by 9.
7
Let s = 64 - -19. What is the remainder when s is divided by 6/(-2)*(-7 + 0)?
20
Suppose 2*l - 6 = 4, -2*m = -2*l + 2. Let j(g) = g**2 - 4*g + 1. Let s be j(5). What is the remainder when m/6 + 44/s is divided by 3?
2
Let f = 4 + 24. Calculate the remainder when f is divided by 22.
6
Let a = -2 - -8. Suppose 44 = a*l - 2*l. What is the remainder when 13 is divided by 9 - l - -7*1?
3
Suppose 3*z + 43 - 8 = g, 84 = 3*g - 2*z. Calculate the remainder when g is divided by 14.
12
Let b(q) = 4*q**2 + 2*q - 3. Let r be b(-3). Suppose 0 = n + x - r, 13 = n - 2*x - 11. What is the remainder when n is divided by 14?
12
Suppose 8 = -0*z + 2*z + x, 3*z + 3*x - 18 = 0. Let v(g) = 17*g**2 + 3*g - 2. What is the remainder when v(z) is divided by 25?
22
What is the remainder when 44 is divided by 16 + 2 - (0 - -3)?
14
Let d(b) = 2*b + 1. Let j be ((-1)/(-2))/(3/18). Suppose -j = 4*o - 11. Calculate the remainder when d(o) is divided by 3.
2
Suppose 2*m = -3*m + 70. Calculate the remainder when ((-4)/5)/((-4)/130) is divided by m.
12
Suppose 2*c - 10*c = -7*c. Let g = -2 + 3. Let i = c + g. What is the remainder when 2 is divided by i?
0
Let g = 79 + -58. Calculate the remainder when 166 is divided by g.
19
Let k be (-2)/4*(843 - -3). Calculate the remainder when k/(-3)*(-1)/(-3) is divided by 12.
11
Suppose -11*l + 21 = -8*l. Calculate the remainder when 19 is divided by l.
5
Suppose -w - 3 + 5 = 0. Suppose -w*g - l = -10, -g + 10 = 2*l - 4*l. Calculate the remainder when 17 is divided by g.
5
Let j = 56 + -32. Suppose -q + 6 = 3, 0 = -3*o + 2*q + j. What is the remainder when 49 is divided by o?
9
Suppose 0 = 5*o - 8*c + 3*c - 165, -3*o + 75 = 3*c. What is the remainder when o is divided by 16?
13
Suppose -28*j = j - 87. Let s = -8 + 18. What is the remainder when s is divided by j?
1
Let s = 67 - 40. Let c = 80 - -25. What is the remainder when c is divided by s?
24
Let r = -65 - -93. Suppose -r + 88 = 2*k. What is the remainder when 88 is divided by k?
28
Suppose 4*c - 7*c - 78 = 0. Let y = -12 - c. Calculate the remainder when 26 is divided by y.
12
Suppose 3*g = 4*s - 19, 5 = -2*g + 2*s - 5. Calculate the remainder when 11 is divided by (-1 - g) + 54/9.
5
Let r = 37 + -23. What is the remainder when 165 is divided by r?
11
Let z(q) = q**3 - 4*q**2 - q + 5. Suppose -3*d + i + 28 = 0, -2*i = -4*d + 14 + 24. What is the remainder when 16/d - (-4)/18 is divided by z(4)?
0
Suppose 2*z - 34 = 2. Calculate the remainder when 88 is divided by z.
16
Suppose 5*q = w - 7, 5*q + 0*q = -10. Let k be 0 - (-6)/w - 30. Let l = 48 + k. What is the remainder when l is divided by 9?
7
Let h(o) = o**2 + 3*o + 11. Suppose 0*s + s - 30 = 0. Calculate the remainder when s is divided by h(0).
8
Suppose 3*u - 2*y - 23 = 0, 2*u - 3*y - 18 = -1. What is the remainder when u is divided by 2*(-3)/(-18)*12?
3
Let q(p) = 7*p**2 + 6*p + 6. Let r(u) = -10 - 5*u + 5 - 4*u**2 - 3*u**2. Let j(f) = -5*q(f) - 6*r(f). What is the remainder when 20 is divided by j(-1)?
6
Let l(g) = -g**3 - 5*g + 2. Let k be l(-6). Suppose k = 5*u - 27. Calculate the remainder when u is divided by 19.
17
Let u be ((-6)/(-8))/((-3)/(-12)). Suppose -2*y + 2*v + 18 = y, 12 = 2*y - u*v. Calculate the remainder when 17 is divided by y.
5
Let p(u) = u**3 - 15*u**2 - 15*u - 12. What is the remainder when 17 is divided by p(16)?
1
Let v = 59 + 90. What is the remainder when v is divided by 30?
29
Let n(h) = 3*h + 9. What is the remainder when n(7) is divided by 8?
6
Let a(y) = -2*y**2 - 4*y - 2*y**2 + 12 + 5*y**2 + 9*y. What is the remainder when a(-5) is divided by 5?
2
Let c(h) = h**3 - h**2 - 5*h + 3. Let b be c(3). What is the remainder when 27 is divided by (63/12)/(b/16)?
13
Let c be 22/(-18) + 2/9. Let y be (c + 1)*(-2)/(-4). Suppose -4*j + r = -3*j - 18, 2*r = y. What is the remainder when j is divided by 10?
8
Let o = 38 + -23. What is the remainder when o is divided by 6?
3
Let a(f) = f**3 + 11*f**2 - f - 13. Let g(j) = -j**3 - 12*j**2 + 13. Let v(n) = 3*a(n) + 2*g(n). What is the remainder when 54 is divided by v(-9)?
12
Suppose 55*x - 7*x = 672. Let q(r) = -10*r - 3. Calculate the remainder when q(-3) is divided by x.
13
Let l(c) = 36*c**3 + 2*c - 1. Let m(v) = v + 6. What is the remainder when l(1) is divided by m(7)?
11
Let a be (5/(-2))/(-5)*2. Suppose -5*f - 15 = 0, -3*r - f - a = -10. Suppose k = 4*k - 18. Calculate the remainder when k is divided by r.
2
Let z = -2 + 1. Let m(a) = a - 1. Calculate the remainder when m(9) is divided by 5 + 2*z/1.
2
Suppose 5*d - 3*m = 20, 2*d - m + 20 = 7*d. Suppose -5*h = q - 27, -2*q + h + h = -30. Suppose -3*b + q + 13 = 0. What is the remainder when b is divided by d?
2
Let n = 39 - 24. What is the remainder when n is divided by 10/25 - (-84)/15?
3
Suppose 4*s - 55 = -s. Calculate the remainder when s is divided by 4*(20/(-8) - -4).
5
Suppose -37 = -3*x - c + 17, -2*c = 3*x - 57. Let j be 4/1 + 4/(-4). Suppose j*z = 206 - 56. Calculate the remainder when z is divided by x.
16
Suppose 0*b - 2 = -b. Let h(o) = o**2 - 2*o + 3. What is the remainder when h(0) is divided by b?
1
Suppose -3*p - 5*s = -18, 4*s + 23 = -2*p + 3*p. Let f(v) = 4*v**2 - 3*v + 4. Calculate the remainder when f(3) is divided by p.
9
Suppose 4*q + 4 = -2*z, 0 = -3*z + q - 3*q + 2. Suppose 0 = -5*k, 5 = o + z*k - 2. Calculate the remainder when o is divided by 4.
3
Let v(x) = -2*x**2 + 8*x - 6. Let r be v(5). Let l = r - -25. Calculate the remainder when l is divided by 6.
3
Suppose -14*o = -15*o + 4. Suppose 3*u + 11 = 29. What is the remainder when u is divided by o?
2
Let m = -10 - -14. Let g = 5 - m. What is the remainder when g is divided by 1?
0
Let r(u) = -u - 1. Suppose -3*s = -s + 4. Let z be r(s). Let a(t) = 16*t - 1. Calculate the remainder when 44 is divided by a(z).
14
Suppose -5*v + 43 = -4*v + 4*u, -v = -5*u + 2. Let h = -189 + 201. What is the remainder when v is divided by h?
11
Suppose 3*d = 41 - 11. Let i = 16 + 20. What is the remainder when i is divided by d?
6
Let l(a) = -3*a + 4. Let w be l(-5). Let j = w - 9. Calculate the remainder when j is divided by 6.
4
Calculate the remainder when ((-5)/2 + 2)*(-314 - 0) is divided by 16.
13
Let k(i) = -6 - 2*i + 8*i - 2*i. What is the remainder when 35 is divided by k(6)?
17
Let k(h) = 8*h + 3 - h**3 - 2 + 7*h**2 + 1. Let r be k(8). Suppose -r*c - 38 = -2*q, -3*q + 3*c + 27 = 6*c. What is the remainder when 27 is divided by q?
13
Suppose 3*n + 0 = -d + 1, 3*d - 23 = n. Let j = -3 + 6. Suppose -j*r = -10 + 1. Calculate the remainder when d is divided by r.
1
Let y = 30 + -13. Suppose -5*u = -y - 43. What is the remainder when (-3)/(-6) - (-129)/6 is divided by u?
10
Suppose -30 = -4*z - w - w, 5*z - 36 = -4*w. Calculate the remainder when 31 is divided by z.
7
Let v(o) = -40*o**3 + o**2 + o + 1. Let w(g) = -g + 23. Calculate the remainder when v(-1) is divided by w(12).
8
Le